{"id":76,"date":"2024-02-19T13:24:09","date_gmt":"2024-02-19T16:24:09","guid":{"rendered":"https:\/\/mosteirodosjesuitas.org.br\/?page_id=76"},"modified":"2024-02-23T18:16:34","modified_gmt":"2024-02-23T21:16:34","slug":"pe-eugenio-pacelli-sj","status":"publish","type":"page","link":"https:\/\/mosteirodosjesuitas.org.br\/?page_id=76","title":{"rendered":"Diretor"},"content":{"rendered":"\n<p>Eugenio Pacelli Correia Aguiar, nasceu em Ibiapina Cear\u00e1 no dia 22 de setembro de 1964. Ap\u00f3s a descoberta da voca\u00e7\u00e3o religiosa e sacerdotal na Congrega\u00e7\u00e3o dos Jesu\u00edtas, morou em Fortaleza onde concluiu os estudos at\u00e9 o Ensino M\u00e9dio. Fez o noviciado em Salvador \u2013 BA, depois morou em Belo Horizonte onde fez os primeiros votos. Residiu em Recife-PE e, em 10 de setembro de 2003 fez os votos tempor\u00e1rios e a prova\u00e7\u00f5es no Chile e na Espanha. No dia 20 de julho de 1996 foi ordenado sacerdote Jesu\u00edta na sua cidade natal \u2013 Ibiapina no Cear\u00e1, pela imposi\u00e7\u00e3o das m\u00e3os de dom Javier Arnedo, bispo de Tiangu\u00e1-CE. Padre Eug\u00eanio Foi o primeiro sacerdote ordenado por dom Javier Arnedo.<\/p>\n\n\n\n<h2 class=\"wp-block-heading\">Sua hist\u00f3ria<\/h2>\n\n\n\n<ol class=\"wp-block-list\">\n<li>Em Fortaleza, cidade em que Padre Eug\u00eanio estudou, fez o Ensino M\u00e9dio e depois voltou como padre e faz grandes feitos no Col\u00e9gio Santo In\u00e1cio e&nbsp; na Par\u00f3quia de Cristo Rei administra com o zelo de bom pastor e pai espiritual os seus paroquianos;<\/li>\n\n\n\n<li>Em Salvador, fez o seu noviciado e trabalhava com a Santa Dulce dos pobres em suas obras;<\/li>\n\n\n\n<li>Em Belo Horizonte fez seus estudos em Teologia e Filosofia;<\/li>\n\n\n\n<li>Em Jo\u00e3o Pessoa fez os dois anos do seu Juniorato;<\/li>\n\n\n\n<li>Em Madri (Espanha) fez um curso de aprofundamento teol\u00f3gico. Em Manresa (Espanha) fez um aprofundamento espiritual teol\u00f3gico;<\/li>\n\n\n\n<li>No Chile ele passou teve a oportunidade de confirmar seu SIM a Deus como jesu\u00edta.<\/li>\n\n\n\n<li>Em Recife foi diretor do Col\u00e9gio N\u00f3brega e especializou-se em administra\u00e7\u00e3o escolar.<\/li>\n\n\n\n<li>Em&nbsp;Fortaleza, no dia 28\/01\/2004, foi nomeado p\u00e1roco da Par\u00f3quia de Cristo Rei at\u00e9 2014;<\/li>\n\n\n\n<li>Em Fortaleza (ano de 2012) assume a dire\u00e7\u00e3o do Col\u00e9gio Santo In\u00e1cio.<\/li>\n<\/ol>\n\n\n\n<h2 class=\"wp-block-heading\">Sacerdote jesu\u00edta e mestre em Teologia.<\/h2>\n\n\n\n<p>Atualmente diretor do Mosteiro dos Jesu\u00edtas. Fundador do movimento\u00a0<strong>Amare<\/strong>, que congrega mais de 1000 casais e idealizador da Noite da Miseric\u00f3rdia, que reunia mais de 5 mil pessoas, antes da pandemia.<\/p>\n\n\n\n<h2 class=\"wp-block-heading\">Obras<\/h2>\n\n\n\n<p>Padre Eug\u00eanio j\u00e1 lan\u00e7ou tr\u00eas obras: \u201c<strong>Encontros com a Miseric\u00f3rdia<\/strong>\u201c, em parceria com Mar\u00edlia Fi\u00faza; \u201c<strong>Em Jesus Deus abra\u00e7a o sofrimento humano<\/strong>\u201c, fruto de sua tese de mestrado, pela Universidade cat\u00f3lica de Pernambuco e&nbsp; \u201c<strong>Mensagens de F\u00e9 e Esperan\u00e7a em tempos de Covid<\/strong>\u201c, iniciativa da Assembleia Legislativa, por meio do Instituto de Estudos e Pesquisas sobre o Desenvolvimento do Estado do Cear\u00e1 (Inesp), uma compila\u00e7\u00e3o dos artigos do padre publicados no Jornal O Povo, em homenagem \u00e0s v\u00edtimas da covid e aos 60 anos do Col\u00e9gio Santo In\u00e1cio.<\/p>\n\n\n\n<h2 class=\"wp-block-heading\">Hist\u00f3rico Pastoral<\/h2>\n\n\n\n<p>28\/01\/2004 \u2013 P\u00e1roco da Par\u00f3quia de Cristo Rei, Aldeota \u2013 Fortaleza;<\/p>\n\n\n\n<p>2014 \u2013 Diretor do Col\u00e9gio Santo In\u00e1cio;<\/p>\n\n\n\n<p>Coordenador do Mosteiro dos Jesu\u00edtas em Baturit\u00e9 (CE).<\/p>\n\n\n\n<blockquote class=\"wp-block-quote is-layout-flow wp-block-quote-is-layout-flow\">\n<p><\/p>\n<cite>Fonte: Arquidicese de Fortaleza<\/cite><\/blockquote>\n","protected":false},"excerpt":{"rendered":"<p>Eugenio Pacelli Correia Aguiar, nasceu em Ibiapina Cear\u00e1 no dia 22 de setembro de 1964. Ap\u00f3s a descoberta da voca\u00e7\u00e3o religiosa e sacerdotal na Congrega\u00e7\u00e3o dos Jesu\u00edtas, morou em Fortaleza onde concluiu os estudos at\u00e9 o Ensino M\u00e9dio. Fez o noviciado em Salvador \u2013 BA, depois morou em Belo Horizonte onde fez os primeiros votos. &hellip; <\/p>\n<p class=\"link-more\"><a href=\"https:\/\/mosteirodosjesuitas.org.br\/?page_id=76\" class=\"more-link\">Continue lendo<span class=\"screen-reader-text\"> &#8220;Diretor&#8221;<\/span><\/a><\/p>\n","protected":false},"author":1,"featured_media":0,"parent":0,"menu_order":0,"comment_status":"closed","ping_status":"closed","template":"","meta":{"footnotes":""},"class_list":["post-76","page","type-page","status-publish","hentry"],"_links":{"self":[{"href":"https:\/\/mosteirodosjesuitas.org.br\/index.php?rest_route=\/wp\/v2\/pages\/76","targetHints":{"allow":["GET"]}}],"collection":[{"href":"https:\/\/mosteirodosjesuitas.org.br\/index.php?rest_route=\/wp\/v2\/pages"}],"about":[{"href":"https:\/\/mosteirodosjesuitas.org.br\/index.php?rest_route=\/wp\/v2\/types\/page"}],"author":[{"embeddable":true,"href":"https:\/\/mosteirodosjesuitas.org.br\/index.php?rest_route=\/wp\/v2\/users\/1"}],"replies":[{"embeddable":true,"href":"https:\/\/mosteirodosjesuitas.org.br\/index.php?rest_route=%2Fwp%2Fv2%2Fcomments&post=76"}],"version-history":[{"count":3,"href":"https:\/\/mosteirodosjesuitas.org.br\/index.php?rest_route=\/wp\/v2\/pages\/76\/revisions"}],"predecessor-version":[{"id":189,"href":"https:\/\/mosteirodosjesuitas.org.br\/index.php?rest_route=\/wp\/v2\/pages\/76\/revisions\/189"}],"wp:attachment":[{"href":"https:\/\/mosteirodosjesuitas.org.br\/index.php?rest_route=%2Fwp%2Fv2%2Fmedia&parent=76"}],"curies":[{"name":"wp","href":"https:\/\/api.w.org\/{rel}","templated":true}]}}